 of 43882703.
37, 97, 12227
List the prime factors of 35199927.
3, 7, 62081
What are the prime factors of 411297874?
2, 13, 1187, 13327
What are the prime factors of 26570431?
43, 617917
What are the prime factors of 647020009?
647020009
List the prime factors of 598686016.
2, 79, 118411
List the prime factors of 47903686.
2, 107, 223849
List the prime factors of 94924585.
5, 7, 2712131
List the prime factors of 17077155.
3, 5, 23, 49499
What are the prime factors of 869393364?
2, 3, 7, 10349921
What are the prime factors of 45837746?
2, 17, 37, 83, 439
What are the prime factors of 36746697?
3, 13, 942223
What are the prime factors of 27044906?
2, 7, 359, 5381
What are the prime factors of 10956626?
2, 929, 5897
List the prime factors of 2048068224.
2, 3, 307, 5791
What are the prime factors of 3388432148?
2, 61, 151, 91967
What are the prime factors of 26156936?
2, 13, 163, 1543
List the prime factors of 479389397.
4157, 115321
List the prime factors of 515885781.
3, 3323, 51749
What are the prime factors of 322291431?
3, 7, 11, 465067
What are the prime factors of 813716187?
3, 271238729
List the prime factors of 764594607.
3, 7, 397, 91711
List the prime factors of 427494176.
2, 59, 226427
List the prime factors of 1270280055.
3, 5, 11, 19, 613, 661
What are the prime factors of 21395900?
2, 5, 19, 11261
What are the prime factors of 59496612?
2, 3, 7, 708293
What are the prime factors of 136509165?
3, 5, 13, 77783
What are the prime factors of 249691293?
3, 19, 701, 2083
List the prime factors of 3335890.
2, 5, 333589
What are the prime factors of 972835084?
2, 13, 73, 256279
List the prime factors of 35783854.
2, 29, 59, 10457
List the prime factors of 55749953.
7, 17, 23, 20369
List the prime factors of 86423312.
2, 199, 27143
List the prime factors of 1085232095.
5, 217046419
List the prime factors of 645095913.
3, 7, 11, 53, 52691
What are the prime factors of 3961487730?
2, 3, 5, 17, 383, 1193
List the prime factors of 112630364.
2, 7, 11, 365683
List the prime factors of 1545073.
1545073
What are the prime factors of 61500556?
2, 13, 1182703
What are the prime factors of 243235381?
243235381
List the prime factors of 1118719566.
2, 3, 2003, 10343
List the prime factors of 1574073208.
2, 157, 251, 4993
What are the prime factors of 2212454730?
2, 3, 5, 73748491
What are the prime factors of 443302734?
2, 3, 7, 10554827
What are the prime factors of 7875936?
2, 3, 23, 29, 41
What are the prime factors of 318665592?
2, 3, 7, 632273
List the prime factors of 41205776.
2, 2575361
List the prime factors of 1699412392.
2, 12689, 16741
What are the prime factors of 12747942?
2, 3, 78691
List the prime factors of 1223922130.
2, 5, 433, 282661
What are the prime factors of 880292917?
7, 6011, 20921
List the prime factors of 2402186166.
2, 3, 83, 107, 5009
What are the prime factors of 117540868?
2, 29385217
What are the prime factors of 273062595?
3, 5, 13, 107717
What are the prime factors of 83101903?
2713, 30631
List the prime factors of 45661103.
59, 67, 11551
What are the prime factors of 293229923?
7, 17, 2464117
What are the prime factors of 1305257272?
2, 11, 739, 20071
List the prime factors of 18002075.
5, 7, 13, 41, 193
What are the prime factors of 105041021?
71, 1479451
List the prime factors of 136066141.
11587, 11743
What are the prime factors of 5825980759?
137, 181, 234947
List the prime factors of 87364963.
7, 47, 265547
What are the prime factors of 25076269?
37, 677737
What are the prime factors of 7640975?
5, 305639
What are the prime factors of 234362006?
2, 1709, 68567
What are the prime factors of 4762493669?
193, 3109, 7937
List the prime factors of 84774201.
3, 61, 463247
What are the prime factors of 790852714?
2, 395426357
List the prime factors of 184382517.
3, 11, 19, 409, 719
List the prime factors of 3289464703.
7, 2087, 225167
List the prime factors of 87888831.
3, 29296277
What are the prime factors of 515806363?
41, 12580643
What are the prime factors of 8310705?
3, 5, 13, 17, 23, 109
List the prime factors of 2107146822.
2, 3, 11, 839, 38053
What are the prime factors of 120728332?
2, 271, 111373
What are the prime factors of 12485645?
5, 2497129
What are the prime factors of 208123275?
3, 5, 619, 4483
What are the prime factors of 230661725?
5, 7, 1318067
What are the prime factors of 90091384?
2, 613, 18371
List the prime factors of 84916728.
2, 3, 13, 30241
What are the prime factors of 277161971?
277161971
List the prime factors of 362621262.
2, 3, 47, 1285891
List the prime factors of 3459303128.
2, 2099, 206009
List the prime factors of 925272214.
2, 83, 5573929
List the prime factors of 178405267.
178405267
List the prime factors of 58425128.
2, 7303141
What are the prime factors of 271402578?
2, 3, 15077921
What are the prime factors of 381500410?
2, 5, 47, 811703
What are the prime factors of 1006189641?
3, 383, 97301
What are the prime factors of 491514903?
3, 11, 4964797
List the prime factors of 343001451.
3, 13, 8794909
List the prime factors of 47329901.
31, 53, 28807
What are the prime factors of 721022437?
97, 937, 7933
What are the prime factors of 41033243?
31, 71, 103, 181
List the prime factors of 23931460.
2, 5, 7, 47, 3637
What are the prime factors of 178055874?
2, 3, 3297331
What are the prime factors of 42148020?
2, 3, 5, 29, 24223
What are the prime factors of 462491092?
2, 7, 47, 351437
What are the prime factors of 114838866?
2, 3, 6379937
List the prime factors of 2130363696.
2, 3, 44382577
List the prime factors of 6085695947.
6085695947
What are the prime factors of 1502903420?
2, 5, 19, 3955009
What are the prime factors of 173407127?
173407127
List the prime factors of 114005531.
4813, 23687
What are the prime factors of 29177921?
353, 82657
List the prime factors of 37839525.
3, 5, 504527
What are the prime factors of 63794535?
3, 5, 7, 467, 1301
What are the prime factors of 125250792?
2, 3, 359, 14537
List the prime factors of 66791509.
4241, 15749
List the prime factors of 70034767.
11, 491, 12967
List the prime factors of 871138095.
3, 5, 58075873
List the prime factors of 167363548.
2, 11, 23, 165379
What are the prime factors of 113171335?
5, 1543, 14669
List the prime factors of 2312666379.
3, 521, 493211
List the prime factors of 142569074.
2, 71284537
List the prime factors of 19075930.
2, 5, 1907593
List the prime factors of 89046501.
3, 23, 29, 44501
What are the prime factors of 217363540?
2, 5, 10868177
List the prime factors of 21370783.
7, 3052969
List the prime factors of 228583930.
2, 5, 22858393
List the prime factors of 282286037.
11, 17, 1509551
List the prime factors of 131834675.
5, 7, 753341
List the prime factors of 231653095.
5, 101, 458719
What are the prime factors of 40483679?
53, 763843
What are the prime factors of 207943663?
37, 1747, 3217
What are the prime factors of 67904426?
2, 17, 1997189
List the prime factors of 14380793.
7, 17, 120847
What are the prime factors of 6601593666?
2, 3, 1100265611
List the prime factors of 724478297.
3547, 204251
What are the prime factors of 1171272272?
2, 73204517
List the prime factors of 554737982.
2, 17, 1709, 9547
What are the prime factors of 989132755?
5, 13, 15217427
List the prime factors of 68999326.
2, 11, 3136333
What are the prime factors of 4828449?
3, 421, 3823
What are the prime factors of 118207288?
2, 1549, 9539
List the prime factors of 58942193.
397, 148469
List the prime factors of 281328446.
2, 7, 43, 557, 839
What are the prime factors of 33522620?
2, 5, 59, 28409
List the prime factors of 133195336.
2, 1109, 15013
What are the prime factors of 162355645?
5, 5279, 6151
List the prime factors of 1304278692.
2, 3, 17, 653, 9791
List the prime factors of 2321362262.
2, 23, 50464397
List the prime factors of 918028205.
5, 29, 47, 134707
What are the prime factors of 46034522?
2, 23017261
List the prime factors of 62844146.
2, 89, 353057
List the prime factors of 391042094.
2, 5639, 34673
What are the prime factors of 2291484599?
2291484599
What are the prime factors of 154240805?
5, 30848161
List the prime factors of 22073127.
3, 37, 47, 4231
What are the prime factors of 276374695?
5, 17, 3251467
List the prime factors of 372660930.
2, 3, 5, 313, 13229
What are the prime factors of